(10). Let r be 16 - (-2)/(-5 + k). Calculate the greatest common factor of r and 165.
15
Suppose 17 = -3*d - 4*o + 51, 2*d - 21 = -o. What is the greatest common factor of d and 40?
10
Suppose 21*i - 25*i = -116. What is the greatest common divisor of 87 and i?
29
Let i(s) = -27*s**2 - s + 3. Let q(m) = -m**2 + m - 1. Let o(t) = -i(t) - 4*q(t). Let n be o(2). Calculate the highest common factor of 17 and n.
17
Suppose 3*y + 10 = -2. Let l = 6 + y. Calculate the highest common factor of l and 8.
2
Let g = -13 + 34. Suppose u - 7 = -0*u. What is the greatest common factor of u and g?
7
Suppose -3*u = -4*x + 11, -3*x - 3*u + 10 = -7*u. Suppose 52 = 2*k + x*k. What is the highest common factor of 13 and k?
13
Let t be (5 + (-245)/28)*(-7 - 1). What is the greatest common factor of t and 15?
15
Let x = 274 + -175. Suppose 4*z - 22 - 22 = 0. What is the greatest common factor of x and z?
11
Let u(k) = -3 + 0*k**2 + 0 + k**2 - 3. Let a(w) = w**2 - w + 5. Let s be a(0). Let f be u(s). Calculate the highest common divisor of f and 19.
19
Suppose -56 = -6*t - 2*t. What is the highest common factor of t and 63?
7
Let q = 16 - 7. Suppose -2*f + 1 = -5*b, 0*b + 3*b = 3. Let y be f/q - 95/(-3). What is the greatest common factor of y and 16?
16
Suppose 0 = 4*u - y - 9, 7*u + 3*y - 3 = 4*u. What is the greatest common factor of 2 and u?
2
Let k(l) = l - 3. Let m(u) = -4 + 10 - 3*u + 2*u. Let r(q) = -11*k(q) - 6*m(q). Let v be r(-7). Calculate the greatest common factor of 4 and v.
4
Suppose 5*q + 2*o + 23 = 0, -2 + 0 = q + 3*o. Let v(g) = g**2 - 4*g + 1. Let i be v(q). What is the highest common divisor of i and 69?
23
Let h(a) = a**3 - 3*a**2 + a + 2. Let z = -10 - -5. Let o(f) = -f. Let q(t) = z*o(t) - h(t). Let v be q(3). What is the highest common factor of 1 and v?
1
Let q(f) be the third derivative of -f**4/24 + 4*f**3/3 - f**2. Let w be q(6). Suppose -w*a = a - 33. Calculate the highest common factor of 1 and a.
1
Let z(c) = c**3 + 9*c**2 + c + 8. Let a be z(-9). Let d be (3/3 + -2)*a. What is the greatest common factor of 1 and d?
1
Suppose -177 = -2*t + 83. What is the highest common divisor of 52 and t?
26
Let r = 1 + -1. Let d = r - -3. Suppose -5*l - d*p = -711, -4*p + p - 729 = -5*l. Calculate the highest common divisor of 18 and l.
18
Suppose -5*b + 2*k - 6 = -3*b, 2*b + 5 = 3*k. Let j be (-8)/(-6)*582/b. Let q = 26 - j. Calculate the highest common divisor of q and 20.
20
Suppose 4*t - 165 = 6*x - x, 3*t - x = 132. What is the greatest common divisor of 18 and t?
9
Let u = -8 - -5. Let b be 1/u + (-16)/(-12). What is the highest common factor of b and 1?
1
Let u(a) = 3*a + 1. Let g be u(1). Suppose 0 = 4*o + 5*d - 2*d - 14, g*d = 8. Suppose y + 8 = o*y. Calculate the greatest common divisor of 8 and y.
8
Suppose -3*n + n = -6. Suppose -5*m - n*c + 135 = -2*m, 2*c = 4*m - 198. What is the highest common factor of m and 6?
6
Suppose -95*t + 20 = -91*t. Let a be 2/3 + 73/3. What is the highest common divisor of a and t?
5
Let a(b) = 2*b**2 - 9*b - 21. Let g be a(9). What is the highest common divisor of g and 40?
20
Suppose 2*t + 187 = 3*t. Let k = 22 - 5. What is the highest common divisor of k and t?
17
Let n(q) = -2*q**2 - 8*q - 5. Let w be n(-5). Let h = w - -23. What is the highest common factor of 88 and h?
8
Let m be 3 - 1*(-1 - 0). Let z(r) = -r + 3. Let i be z(m). Let t be (0 + 1)*i + 43. What is the highest common factor of t and 6?
6
Suppose -107 = -2*b - 3*b + 3*i, -21 = -b + i. Let n = 120 - 65. Calculate the highest common factor of n and b.
11
Let d(h) = -h + 11. Let c be d(7). Let j be -1*3/(-4)*c. Suppose -j*v + 170 = -y, -3*y = 4*v - 6*y - 235. What is the highest common factor of v and 22?
11
Suppose n - 47 = 72. Suppose -68 = -4*z - 0. Calculate the highest common factor of n and z.
17
Suppose 5*f + n = 49, 2*n = 7 + 1. What is the highest common divisor of f and 99?
9
Let o = 95 + -81. Calculate the greatest common factor of 98 and o.
14
Let t = -93 - -192. Let m = -36 + 23. Let r = m - -24. Calculate the highest common factor of r and t.
11
Let g = -7 - -23. Let f be (159 - 0 - -1)*(-6)/(-15). What is the highest common factor of g and f?
16
Suppose -q = 4 - 44. Let t = q - 18. What is the greatest common divisor of 2 and t?
2
Let t be 2 + -6 - 176/(-11). What is the greatest common factor of t and 60?
12
Let y be ((-2)/(-5))/(4/20). Suppose -4*q + 3*o = -49, y*o + 2*o = -12. Calculate the greatest common factor of 4 and q.
2
Suppose x - 31 = -4*y - 12, 5*y + 5 = 0. Calculate the highest common divisor of 207 and x.
23
Let k(s) = s + 3. Let m be k(0). Let h = m - -11. Calculate the greatest common factor of 2 and h.
2
Let g(p) = p**2 - 7*p + 9. Let d be g(7). Suppose -4*k - 38 = -2*x + k, 5*x = -3*k + 33. What is the highest common factor of d and x?
9
Suppose 3 = -j + 17. Suppose j = 3*b - 7. What is the highest common divisor of 7 and b?
7
Let k = 7 + -3. Let c be k*(-1)/(-10)*120. Let s = c + -23. Calculate the greatest common divisor of 5 and s.
5
Let f = -17 + 22. Let s(b) = -b**2 + b + 4. Let x be s(0). Suppose -62 = 2*r - x*r - 4*u, -5*r + 122 = -u. What is the greatest common factor of f and r?
5
Let r be (-1 - 2) + 0 + 1. Let w = -2 - r. Suppose -4 = -y - w*y. Calculate the greatest common divisor of 32 and y.
4
Suppose 513 = 2*d + d. Suppose d = -5*z - 204. Let s be 2/(-6) - z/9. Calculate the greatest common factor of 32 and s.
8
Let p be 0 - -38*(9 + 2). Suppose 3*s = -154 + p. Suppose 21 - 61 = -5*r. What is the highest common factor of r and s?
8
Let f(b) = 32*b + 4. Let h be f(3). Let r be h/16*(-2 + 6). What is the greatest common factor of r and 225?
25
Suppose -5*r + 25 = w, 3*r - 16 = -4. Let l be (2 - w) + (24 - 1). Let m = l - 8. What is the highest common factor of m and 12?
12
Suppose 4*y + z - 52 - 139 = 0, y - 2*z - 59 = 0. Suppose 0*w + 10 = d - w, 5*d - w - 42 = 0. Let n = 15 - d. What is the highest common factor of y and n?
7
Let r = 16 - -2. What is the highest common factor of r and 2?
2
Suppose -3*z = -8*z - 5*c, 2*c - 15 = 3*z. Let u = 41 - z. Suppose -2*v - 7 = -6*v - 3*s, -3*s = 2*v + 1. Calculate the highest common factor of v and u.
4
Let s be 1 - (-2 + -1 - -2). Let v(k) = s*k - 7*k**2 + 10 + k**3 + k**2 - 8. Let i be v(6). Calculate the greatest common factor of 154 and i.
14
Suppose -2*v + 7*v + 2*i - 221 = 0, 3*v - 3*i - 141 = 0. What is the highest common divisor of 18 and v?
9
Let x be (-1)/(2/22) + 1. Let q be -60*(x/3 - -2). Let n(a) = 5*a**2 - a - 2. Let t be n(2). Calculate the highest common factor of q and t.
16
Suppose t = 4*t + 66. Let v = -12 - t. Let y be (-8)/(-5) - 4/(-10). Calculate the highest common divisor of v and y.
2
Let f(u) = -u + 45. Let n be f(23). Calculate the highest common divisor of n and 22.
22
Let a be (8*47 - -1) + -3. What is the highest common factor of 34 and a?
34
Let o = 1046 - 1028. Let d(n) = -n - 4*n + n**3 + 9*n**2 + 8 - 4*n**2. Let x be d(-6). Calculate the highest common factor of x and o.
2
Let d(o) = 9*o - 1. Let k be d(1). Suppose -k*n + 10 = -6*n. What is the greatest common divisor of 15 and n?
5
Let x(g) = 2*g**2 + 6*g + 6. Let a be ((-6)/9)/((-2)/(-12)). Let b be x(a). Calculate the greatest common divisor of 2 and b.
2
Let s(g) = -10*g - 10. Let j be s(-4). What is the highest common divisor of j and 20?
10
Suppose h = 5*h - 16. Suppose -h*k = -k - 12, -5*s - k = -884. Calculate the greatest common divisor of s and 16.
16
Let y be -15*(-1)/(15/66). Let w = y - 16. What is the greatest common divisor of w and 25?
25
Suppose 0 = 4*a - 0*a - 352. Calculate the greatest common divisor of a and 132.
44
Let l = -15 + 26. Calculate the highest common divisor of l and 77.
11
Let z(r) = 19 + 4 - 2 - 7*r. Let c be z(-10). Let x = 12 - -1. Calculate the highest common factor of x and c.
13
Suppose 4*r - 343 = o - r, -2*r + 702 = -2*o. Let k = -105 - o. Calculate the highest common factor of k and 31.
31
Let z(q) = -4*q + 43. Let k be z(-18). What is the highest common factor of 23 and k?
23
Suppose 0 = 4*t - 6 - 462. Calculate the greatest common divisor of 78 and t.
39
Let n be (-32)/(-8) + (-143)/(0 + -1). What is the highest common divisor of n and 98?
49
Suppose 0 = 2*k - 3*t - 31, -3*k = -5*t - 52 + 5. Calculate the highest common div